e number?
True
Suppose 0 = 5*z + 831 - 201. Let i = -73 - z. Is i a composite number?
False
Suppose 5 = -3*u + 5*q, -u + 0*u + 5*q - 15 = 0. Suppose u*d + 475 = -0*d. Let j = d - -201. Is j a composite number?
True
Suppose 0 = -3*b - 2*b + 15. Suppose n + 3*c - 3 = 5*c, 4*n = -b*c + 12. Suppose -165 = -n*f + 66. Is f prime?
False
Let b(c) = -2*c - 9. Let r be b(-7). Suppose -3*g = -0*g - 3*t - 177, 0 = 3*g - r*t - 185. Is g composite?
True
Let i be (2 - 0)/((-9)/9). Is i/(-8)*10*46 prime?
False
Let y be 43/(5/(-3) + 2). Suppose -r + y = 2. Is r a composite number?
False
Let o(z) be the third derivative of 2*z**5/15 - z**4/24 + z**3 + z**2. Let j be o(5). Suppose -3*g = 3*u - 4*g - j, g + 134 = 2*u. Is u a composite number?
False
Is (1 + 0 + -2)*(-337)/1 composite?
False
Let v be -2 + (3 - (-6)/3). Let z be -1 + v/(-6)*-2. Suppose z*y = -2*y + 94. Is y a prime number?
True
Let l = 8 - 6. Suppose l*u - 26 - 72 = 0. Is u prime?
False
Suppose 0 = 2*i - 388 - 2. Let z = 52 + -188. Let k = i + z. Is k prime?
True
Let f be (-3)/((-15)/6 - -1). Let y = -1 + -1. Is f/(-4) + (-13)/y a prime number?
False
Let a = -1613 + 3562. Is a a composite number?
False
Let m(b) = -9*b - 14. Let f be -1 + (-14 - -3 - -1). Is m(f) a composite number?
True
Suppose 6*i = -b + i + 31, -2*i - 14 = -4*b. Suppose -b*a = -a. Suppose 2*s + j - 31 = a, 3*s = 6*s - j - 44. Is s a composite number?
True
Let h = -2 + 4. Suppose 4*u = -h + 14. Suppose -53 - 112 = -u*a. Is a a composite number?
True
Let t = -254 + 457. Is t a composite number?
True
Let p(s) = -59*s + 3. Let u be p(6). Let z = 584 + u. Is z composite?
False
Suppose 2*s + 323 = -55. Let o = 329 + s. Let n = o + -45. Is n a composite number?
True
Is 7/(-35) - 8448/(-15) a prime number?
True
Let r(w) be the first derivative of -w**3/3 - 5*w**2 + 2*w + 1. Is r(-6) a composite number?
True
Suppose -4*x + 740 = p, -369 = -2*x + 3*p + 1. Is x composite?
True
Let f be (-4)/(((-5)/(-2))/(-5)). Let t = 13 - f. Let d(p) = -p**3 + 7*p**2 - 2*p - 5. Is d(t) prime?
False
Let l(g) = 51*g**3 - g**2 + g - 3. Let q(b) = -b**2 - 5*b - 4. Let d be q(-3). Is l(d) composite?
True
Suppose d - 4835 = -4*d. Is d a prime number?
True
Suppose 0 = 4*i + 4*j + 24 + 24, j + 28 = -3*i. Let k(t) be the second derivative of -t**5/20 - 3*t**4/4 - 2*t**3 - 7*t**2/2 - 3*t. Is k(i) composite?
True
Is (-11030)/(-12) + -2*2/24 a prime number?
True
Let o = 365 + 170. Is o prime?
False
Let s(m) = -1 + 2*m**2 + 14*m**2 + 2*m - 2*m**2 - m. Suppose 9 - 3 = -3*u. Is s(u) composite?
False
Suppose -2*g = -3*g + 3. Suppose -106 = -g*v + 32. Is v a composite number?
True
Suppose -5*k + 5*t + 6 - 1 = 0, 3 = -k + 5*t. Let i = 4 - k. Suppose -4*o + a + 227 = i*a, -212 = -4*o - 4*a. Is o a composite number?
True
Suppose -2*d = d - 213. Let x = 130 - d. Is x a prime number?
True
Suppose -2*j = 2*g - 218, 3*j - 3*g - 327 = -0*g. Is j a composite number?
False
Suppose 2*v - r + 15 = 0, -r = -2*v - 6*r + 15. Let k(u) = u**2 + 9*u + 1. Let p be k(v). Let m = 2 - p. Is m composite?
True
Let y(c) be the third derivative of -c**4/12 + 4*c**3/3 - 2*c**2. Let v be y(6). Let s(z) = z**3 + 5*z**2 + 2*z - 5. Is s(v) prime?
True
Let m(l) = -l**3 - 5*l**2 - 2*l + 1. Let w be m(-5). Suppose 10 = 2*y, -j = 3*j - y - w. Suppose 3*z - 29 - j = 0. Is z a prime number?
True
Let y(r) = -8*r + 12. Let j be y(6). Let h = 70 + j. Is h a composite number?
True
Let r be 3 + 1/(1/178). Suppose k - 243 = -4*d, -k = 3*d - 0*k - r. Suppose -5*x + 3*x = -d. Is x prime?
True
Let o be 6/(-2)*(-35)/21. Suppose 5*l - 77 = -4*w + 133, o*l - 210 = 4*w. Suppose -42 = -5*p - 2*b, 3*b + l = 2*p + p. Is p composite?
True
Let x = -321 + 656. Is x composite?
True
Suppose 3*z = 2*r - 325 - 69, -r + z = -196. Is r a prime number?
False
Let n be 0 - -2 - (1 - -94). Let u = n + 152. Let q = u + -36. Is q a prime number?
True
Suppose -3*c + 202 + 2432 = 0. Is c prime?
False
Let r = -101 - -53. Let b = r - -74. Is b a composite number?
True
Let o be (8/(-3))/(6/(-9)). Suppose -k - o*k = -435. Is k prime?
False
Suppose -2 = 3*a - 11. Let c(b) = 2*b**3 + 4*b**a + b**2 - b**3. Is c(1) a composite number?
True
Suppose 1944 = 4*w + p, -3*p + 2*p - 966 = -2*w. Is w a prime number?
False
Let m = 20 + -16. Is 1/((-3)/(-852)*m) prime?
True
Suppose 1 = p + 3*n - 8, p - 4*n = -12. Suppose p = y - 58 + 7. Is y a prime number?
False
Suppose 0*a = -a + 10. Let x = a + -6. Suppose q - 17 = d, 3*d - 4*d - 83 = -x*q. Is q prime?
False
Suppose f + 4*w = 3*f - 266, 4*w = -4. Is f a composite number?
False
Let z(o) = 53*o - 2. Let w be z(4). Let i = -92 + w. Let q = i + -81. Is q a prime number?
True
Let w(c) = 2*c**2 + c - 1. Let n be w(-2). Suppose -t + 0*l = -5*l - 202, -908 = -4*t - n*l. Suppose 67 - t = -5*f. Is f composite?
False
Suppose 0*f = 5*p - 5*f - 10, 0 = -p - f - 2. Suppose i - 499 = -m - 0*i, -4*i = p. Is m prime?
True
Suppose 2*q = g - 0*q + 2, 4*g + 2*q = 22. Is ((-476)/16)/((-1)/g) a prime number?
False
Suppose 11 = 5*f + 1. Suppose 910 = 5*n + c + f*c, 5*n - 930 = c. Is n a prime number?
False
Let v be -1*1*2/(-2). Let m(d) = 306*d + 1. Let o be m(v). Suppose -4*f + o = k, f + 311 = 5*f - 3*k. Is f a composite number?
True
Suppose 2*t + 127 = -v, t + 641 = -5*v - 3*t. Let x = v - -182. Is x prime?
True
Let s(b) = -422*b - 3. Is s(-1) prime?
True
Let a = 5 - 4. Let n be 820/12 + a/(-3). Is 6/(-9) + n/3 a prime number?
False
Let z = -1 - -4. Suppose 0 = z*u + 5*a - 126, -u + a = -20 - 14. Is u prime?
True
Suppose 3*u = -4*m + 70, u - 110 = -3*u - 2*m. Suppose -275 + u = -5*z. Is z composite?
True
Let k be (-65)/(-1)*16/(-40). Let d be 1/1 - 2*-57. Let i = d + k. Is i a composite number?
False
Suppose -i = 2*i + 5*a - 3494, -a + 5816 = 5*i. Is i prime?
True
Is 17*(-3 + 50)/(1 + 0) a prime number?
False
Let m be (-3)/(-2)*4/(-3). Let w = 6 + m. Let h = 6 - w. Is h a prime number?
True
Suppose -d + 3*j = -3, 0*j - 3*j = d + 3. Suppose d = o + 2 - 6, 5*h - 2*o = 1047. Is h composite?
False
Let j(y) = -3*y - 1. Let w be j(1). Let l be (-1)/w - (-30)/8. Suppose -94 + 34 = -l*t. Is t composite?
True
Suppose -5*b = -2*n + 3*n - 17, -2*b = -2*n - 2. Suppose -4*m + 19 = -81. Let x = m - n. Is x prime?
True
Suppose 3218 = i + u, 4*u + 4720 + 8144 = 4*i. Is i prime?
True
Let u(f) = 794*f - 1. Let r be u(-1). Let m = r + 1444. Is m composite?
True
Let j(r) = -r**2 + 6*r - 5. Let w be j(5). Suppose -z - 50 = -217. Is w + (z + -2)/3 prime?
False
Suppose -y + 2 = 4*w + w, w = -5*y + 10. Suppose 3 = f - y. Is 4/f*45/6 composite?
True
Let j be 500/(-3) - 2/6. Suppose -3*z = 2*z + 20, 4*w = 2*z - 448. Let k = w - j. Is k a prime number?
True
Let x = -6 + 6. Let a = 5 + -5. Suppose a*v - 3*v = -5*b - 149, x = 5*v + b - 267. Is v composite?
False
Suppose 1 = c + 2*m, -2*c - 3 = 5*m - 4. Suppose 0*v - 16 = -4*v. Suppose -v*t + 7*t - 2*j - 110 = 0, -c*t = 2*j - 94. Is t a prime number?
False
Suppose s = 5*r + 35, 125 + 24 = 5*s + r. Suppose m - 161 = -5*x, x - s + 5 = -2*m. Is x prime?
False
Let q be (1 + -5)/(-4 + 2). Suppose 5*v - q*x - 14 = 48, 0 = -3*x + 12. Let p = v + 33. Is p prime?
True
Let s(c) = -c - 3. Let h be s(-6). Suppose 4*i - 24 = -4*y, h*y + 2*i = 4 + 14. Is 1/((-10)/y - -2) prime?
True
Suppose 2*v - 210 = -2*v - 3*b, -2*b - 149 = -3*v. Is v composite?
True
Let d(a) = -a**3 + 11*a**2 - 6*a - 5. Suppose -32 = -5*z + 3. Is d(z) a composite number?
False
Let r = 3762 + -2005. Is r a prime number?
False
Let v be ((-5 - -3)*67)/2. Let n = v - -122. Is n a composite number?
True
Let s be (-14)/(-6) - 4/(-6). Suppose -28 = -q - 5. Suppose d - s = q. Is d prime?
False
Suppose -c - 4*c + 10 = 0. Let v(g) = g + 4*g**2 - 3*g**c + 10 + 7*g + g. Is v(-9) a prime number?
False
Let l = -13 - -10. Let y = 0 - l. Suppose 4*o + o - y*q - 345 = 0, 0 = 2*o + q - 138. Is o a composite number?
True
Suppose -81*r + 80*r = -2545. Is r a prime number?
False
Let h be 104/20 - 2/10. Suppose -306 = -h*c - 51. Suppose 12 = -3*y, -3*l - 2 + c = -y. Is l a composite number?
True
Let c(g) = -g**3 - g**2 + 2*g. Let z be c(-2). Suppose z = 2*x + 104 + 38. Let r = -36 - x. Is r prime?
False
Suppose 0*i + 2*z + 1173 = i, 0 = -2*i + 2*z + 2344. Is i a prime number?
True
Let a = -3 - -7. Is -3 + (-248)/(a/(-2)) composite?
True
Let b(l) = -14*l + 3. Let s =